{"id":44,"date":"2017-02-25T19:29:28","date_gmt":"2017-02-25T19:29:28","guid":{"rendered":"http:\/\/sitewp.oap-uaicf-paris.fr\/?page_id=44"},"modified":"2026-01-22T11:37:00","modified_gmt":"2026-01-22T09:37:00","slug":"repet","status":"publish","type":"page","link":"https:\/\/www.oap-uaicf-paris.fr\/?page_id=44","title":{"rendered":"Les r\u00e9p\u00e9titions"},"content":{"rendered":"<p>Tous les jeudis 20h00 &#8211; 22h00<br \/>190, avenue de Clichy<br \/>B\u00e2t A<br \/>75017 Paris<br \/>Station <b>Porte de Clichy<\/b><br \/>M\u00e9tro Lignes 13 et 14<br \/>RER C et Train Ligne L (Gare St Lazare)<br \/>Bus : Lignes 54, 74, PC<\/p>\n<p><iframe loading=\"lazy\" style=\"border: 0;\" src=\"https:\/\/www.google.com\/maps\/embed?pb=!1m18!1m12!1m3!1d2623.135881373582!2d2.3133550504915275!3d48.89374750607011!2m3!1f0!2f0!3f0!3m2!1i1024!2i768!4f13.1!3m3!1m2!1s0x47e66fa8ee9e50c5%3A0x1c4b3349be554f39!2s190+Avenue+de+Clichy%2C+75017+Paris!5e0!3m2!1sfr!2sfr!4v1488051239957\" width=\"600\" height=\"450\" frameborder=\"0\" allowfullscreen=\"allowfullscreen\"><\/iframe><\/p>\n<p><strong>ATTENTION:<br \/><\/strong>l&rsquo;acc\u00e8s du b\u00e2timent est prot\u00e9g\u00e9 par un code: contacter Fabrice PETIT (06 49 68 04 54).<\/p>\n<h2><strong>R\u00e9p\u00e9titions du samedi<\/strong><\/h2>\n<p>Des r\u00e9p\u00e9titions par pupitres et d\u2019orchestre ont lieu tous les deux mois, le samedi de 10h00 \u00e0 17h00 (voir rubrique <a href=\"https:\/\/www.oap-uaicf-paris.fr\/?page_id=499\">\u00c9v\u00e8nements \u00e0 venir<\/a>).<\/p>\n\n\n<p><\/p>\n","protected":false},"excerpt":{"rendered":"<p>Tous les jeudis 20h00 &#8211; 22h00190, avenue de ClichyB\u00e2t A75017 ParisStation Porte de ClichyM\u00e9tro Lignes 13 et 14RER C et Train Ligne L (Gare St Lazare)Bus : Lignes 54, 74, PC ATTENTION:l&rsquo;acc\u00e8s du b\u00e2timent est prot\u00e9g\u00e9 par un code: contacter Fabrice PETIT (06 49 68 04 54). R\u00e9p\u00e9titions du samedi Des r\u00e9p\u00e9titions par pupitres et &hellip; <a href=\"https:\/\/www.oap-uaicf-paris.fr\/?page_id=44\" class=\"more-link\">Continuer la lecture de <span class=\"screen-reader-text\">Les r\u00e9p\u00e9titions<\/span> <span class=\"meta-nav\">&rarr;<\/span><\/a><\/p>\n","protected":false},"author":3,"featured_media":0,"parent":0,"menu_order":0,"comment_status":"closed","ping_status":"closed","template":"","meta":{"_mc_calendar":[],"footnotes":""},"class_list":["post-44","page","type-page","status-publish","hentry"],"_links":{"self":[{"href":"https:\/\/www.oap-uaicf-paris.fr\/index.php?rest_route=\/wp\/v2\/pages\/44","targetHints":{"allow":["GET"]}}],"collection":[{"href":"https:\/\/www.oap-uaicf-paris.fr\/index.php?rest_route=\/wp\/v2\/pages"}],"about":[{"href":"https:\/\/www.oap-uaicf-paris.fr\/index.php?rest_route=\/wp\/v2\/types\/page"}],"author":[{"embeddable":true,"href":"https:\/\/www.oap-uaicf-paris.fr\/index.php?rest_route=\/wp\/v2\/users\/3"}],"replies":[{"embeddable":true,"href":"https:\/\/www.oap-uaicf-paris.fr\/index.php?rest_route=%2Fwp%2Fv2%2Fcomments&post=44"}],"version-history":[{"count":5,"href":"https:\/\/www.oap-uaicf-paris.fr\/index.php?rest_route=\/wp\/v2\/pages\/44\/revisions"}],"predecessor-version":[{"id":972,"href":"https:\/\/www.oap-uaicf-paris.fr\/index.php?rest_route=\/wp\/v2\/pages\/44\/revisions\/972"}],"wp:attachment":[{"href":"https:\/\/www.oap-uaicf-paris.fr\/index.php?rest_route=%2Fwp%2Fv2%2Fmedia&parent=44"}],"curies":[{"name":"wp","href":"https:\/\/api.w.org\/{rel}","templated":true}]}}